{"id":2397,"date":"2023-01-01T15:27:13","date_gmt":"2023-01-01T15:27:13","guid":{"rendered":"https:\/\/hostelhome.com.br\/base\/?page_id=2397"},"modified":"2026-02-07T12:45:28","modified_gmt":"2026-02-07T12:45:28","slug":"reservar","status":"publish","type":"page","link":"https:\/\/hostelhome.com.br\/base\/reservar\/","title":{"rendered":"Qual sua vibe banner"},"content":{"rendered":"\t\t<div data-elementor-type=\"wp-page\" data-elementor-id=\"2397\" class=\"elementor elementor-2397\">\n\t\t\t\t<div class=\"elementor-element elementor-element-ceb6f1f e-flex e-con-boxed e-con e-parent\" data-id=\"ceb6f1f\" data-element_type=\"container\" data-e-type=\"container\">\n\t\t\t\t\t<div class=\"e-con-inner\">\n\t\t\t\t<div class=\"elementor-element elementor-element-5f3f590 elementor-widget elementor-widget-html\" data-id=\"5f3f590\" data-element_type=\"widget\" data-e-type=\"widget\" data-widget_type=\"html.default\">\n\t\t\t\t<div class=\"elementor-widget-container\">\n\t\t\t\t\t<div\nstyle=\"width: 100%; max-width: 800px; margin: 20px auto; background:\nlinear-gradient(135deg, #bbf7d0 0%, #86efac 100%); border-radius: 16px;\noverflow: hidden; font-family: system-ui, -apple-system, sans-serif;\nbox-shadow: 0 10px 25px -5px rgba(134, 239, 172, 0.3);\">\n\u00a0 <div style=\"display: flex;\nflex-direction: column; md:flex-direction: row; align-items: center;\ntext-align: center; color: #064e3b; padding: 32px;\">\n\u00a0\u00a0\u00a0 <div style=\"flex: 1; padding: 0\n16px;\">\n\u00a0\u00a0\u00a0\u00a0\u00a0 <h3 style=\"margin: 0 0 12px 0;\nfont-size: 28px; font-weight: 800; letter-spacing: -0.5px; color:\n#065f46;\">Qual \u00e9 a sua Vibe? \ud83c\udf92<\/h3>\n\u00a0\u00a0\u00a0\u00a0\u00a0 <p\nstyle=\"margin: 0 0 24px 0; font-size: 16px; opacity: 0.9; line-height:\n1.5; color: #064e3b;\">Fa\u00e7a o teste r\u00e1pido do Hostel Home, descubra seu\nperfil de viajante e ganhe descontos exclusivos! N\u00c3O ACUMULATIVOS.<\/p>\n\u00a0\u00a0\u00a0\u00a0\u00a0 <a\nhref=\"https:\/\/hostelhome.com.br\/base\/reservar\/reality-game\/\" target=\"_blank\"\nstyle=\"display: inline-block; background-color: #059669; color: white;\nfont-weight: 700; text-decoration: none; padding: 14px 32px; border-radius:\n50px; font-size: 16px; transition: transform 0.2s; box-shadow: 0 4px 6px -1px\nrgba(0, 0, 0, 0.1);\">\n\u00a0\u00a0\u00a0\u00a0\u00a0\u00a0\u00a0 JOGAR AGORA\n\u00a0\u00a0\u00a0\u00a0\u00a0 <\/a>\n\u00a0\u00a0\u00a0 <\/div>\n\u00a0 <\/div>\n<\/div>\t\t\t\t<\/div>\n\t\t\t\t<\/div>\n\t\t\t\t\t<\/div>\n\t\t\t\t<\/div>\n\t\t\t\t<\/div>\n\t\t","protected":false},"excerpt":{"rendered":"<p>\u00a0 \u00a0\u00a0\u00a0 \u00a0\u00a0\u00a0\u00a0\u00a0 Qual \u00e9 a sua Vibe? \ud83c\udf92 \u00a0\u00a0\u00a0\u00a0\u00a0 Fa\u00e7a o teste r\u00e1pido do Hostel Home, descubra seu perfil de viajante e ganhe descontos exclusivos! N\u00c3O ACUMULATIVOS. \u00a0\u00a0\u00a0\u00a0\u00a0 \u00a0\u00a0\u00a0\u00a0\u00a0\u00a0\u00a0 JOGAR AGORA \u00a0\u00a0\u00a0\u00a0\u00a0 \u00a0\u00a0\u00a0 \u00a0<\/p>\n","protected":false},"author":1,"featured_media":0,"parent":0,"menu_order":0,"comment_status":"closed","ping_status":"closed","template":"","meta":{"site-sidebar-layout":"default","site-content-layout":"","ast-site-content-layout":"default","site-content-style":"default","site-sidebar-style":"default","ast-global-header-display":"","ast-banner-title-visibility":"","ast-main-header-display":"","ast-hfb-above-header-display":"","ast-hfb-below-header-display":"","ast-hfb-mobile-header-display":"","site-post-title":"","ast-breadcrumbs-content":"","ast-featured-img":"","footer-sml-layout":"","ast-disable-related-posts":"","theme-transparent-header-meta":"","adv-header-id-meta":"","stick-header-meta":"","header-above-stick-meta":"","header-main-stick-meta":"","header-below-stick-meta":"","astra-migrate-meta-layouts":"set","ast-page-background-enabled":"default","ast-page-background-meta":{"desktop":{"background-color":"var(--ast-global-color-4)","background-image":"","background-repeat":"repeat","background-position":"center center","background-size":"auto","background-attachment":"scroll","background-type":"","background-media":"","overlay-type":"","overlay-color":"","overlay-opacity":"","overlay-gradient":""},"tablet":{"background-color":"","background-image":"","background-repeat":"repeat","background-position":"center center","background-size":"auto","background-attachment":"scroll","background-type":"","background-media":"","overlay-type":"","overlay-color":"","overlay-opacity":"","overlay-gradient":""},"mobile":{"background-color":"","background-image":"","background-repeat":"repeat","background-position":"center center","background-size":"auto","background-attachment":"scroll","background-type":"","background-media":"","overlay-type":"","overlay-color":"","overlay-opacity":"","overlay-gradient":""}},"ast-content-background-meta":{"desktop":{"background-color":"var(--ast-global-color-5)","background-image":"","background-repeat":"repeat","background-position":"center center","background-size":"auto","background-attachment":"scroll","background-type":"","background-media":"","overlay-type":"","overlay-color":"","overlay-opacity":"","overlay-gradient":""},"tablet":{"background-color":"var(--ast-global-color-5)","background-image":"","background-repeat":"repeat","background-position":"center center","background-size":"auto","background-attachment":"scroll","background-type":"","background-media":"","overlay-type":"","overlay-color":"","overlay-opacity":"","overlay-gradient":""},"mobile":{"background-color":"var(--ast-global-color-5)","background-image":"","background-repeat":"repeat","background-position":"center center","background-size":"auto","background-attachment":"scroll","background-type":"","background-media":"","overlay-type":"","overlay-color":"","overlay-opacity":"","overlay-gradient":""}},"footnotes":""},"class_list":["post-2397","page","type-page","status-publish","hentry"],"_links":{"self":[{"href":"https:\/\/hostelhome.com.br\/base\/wp-json\/wp\/v2\/pages\/2397","targetHints":{"allow":["GET"]}}],"collection":[{"href":"https:\/\/hostelhome.com.br\/base\/wp-json\/wp\/v2\/pages"}],"about":[{"href":"https:\/\/hostelhome.com.br\/base\/wp-json\/wp\/v2\/types\/page"}],"author":[{"embeddable":true,"href":"https:\/\/hostelhome.com.br\/base\/wp-json\/wp\/v2\/users\/1"}],"replies":[{"embeddable":true,"href":"https:\/\/hostelhome.com.br\/base\/wp-json\/wp\/v2\/comments?post=2397"}],"version-history":[{"count":109,"href":"https:\/\/hostelhome.com.br\/base\/wp-json\/wp\/v2\/pages\/2397\/revisions"}],"predecessor-version":[{"id":4914,"href":"https:\/\/hostelhome.com.br\/base\/wp-json\/wp\/v2\/pages\/2397\/revisions\/4914"}],"wp:attachment":[{"href":"https:\/\/hostelhome.com.br\/base\/wp-json\/wp\/v2\/media?parent=2397"}],"curies":[{"name":"wp","href":"https:\/\/api.w.org\/{rel}","templated":true}]}}